*2 + 10*j + 22. Calculate y(18).
202
Let a(w) = w**3 + 2*w**2 + 8*w - 460. Give a(0).
-460
Let q(a) = 8*a**2 - 154*a + 733. Calculate q(9).
-5
Let f(r) = -r**3 + 67*r**2 + 63*r + 360. Determine f(68).
20
Let w(j) = 9*j**3 + 530*j**2 - 61*j - 124. Determine w(-59).
-6
Let a(i) = i**3 + 6*i**2 - 106*i - 115. Determine a(-13).
80
Let c(s) = s**3 + 6*s**2 - 37*s - 4. What is c(-11)?
-202
Let b(y) = -y**3 - 72*y**2 + 68*y - 359. What is b(-73)?
6
Let i(d) = 3*d**3 - 5*d**2 - 74*d - 16. Calculate i(-6).
-400
Let p(m) = 3*m**2 + 158*m - 1003. Determine p(6).
53
Let x(h) = -h**2 + 3*h + 47. Determine x(-6).
-7
Let p(f) = -27*f - 119. Determine p(-5).
16
Let a(b) = -2*b**3 - 295*b**2 - 199*b - 7644. Give a(-147).
0
Let w(r) = 4*r**3 - 4*r**2 + 3*r + 1. What is w(2)?
23
Let l(c) = -5*c**2 - 22*c + 11. Calculate l(-5).
-4
Let w(f) = -9*f - 97. What is w(-8)?
-25
Let s(a) = -38*a**2 - 1633*a + 75. Give s(-43).
32
Let n(k) = -10*k**2 + 17*k - 1. What is n(2)?
-7
Let k(p) = 2*p**2 - 5002*p + 14981. What is k(3)?
-7
Let w(x) = -x**3 - 165*x**2 + 500*x - 698. What is w(-168)?
-26
Let f(v) = -v**2 + 294*v - 6471. What is f(24)?
9
Let b(k) = 2502*k + 7514. Calculate b(-3).
8
Let x(k) = 13*k**2 + 229*k - 1115. Calculate x(5).
355
Let j(h) = -110*h + 427. Give j(6).
-233
Let v(z) = -239*z - 32. Determine v(0).
-32
Let u(k) = 5*k**2 + 20*k. Determine u(-3).
-15
Let r(w) = 13*w**2 + 2341*w + 2514. What is r(-179)?
8
Let i(z) = -42*z**2 + 422*z - 4. Calculate i(10).
16
Let c(z) = 308*z - 7068. Calculate c(23).
16
Let i(d) = -d**3 - 41*d**2 - 265*d - 20. Give i(-8).
-12
Let d(g) = -66*g - 626. Calculate d(-9).
-32
Let k(i) = 9*i + 55. Calculate k(19).
226
Let t(w) = 7*w**2 + 48*w - 70. What is t(-8)?
-6
Let l(h) = 2*h**2 - 47*h - 535. Determine l(-9).
50
Let m(y) = -5*y**2 - 110*y - 98. What is m(-21)?
7
Let h(w) = -34*w**2 + 9*w - 26. What is h(3)?
-305
Let v(t) = 25*t**3 + t**2 + 77*t + 149. Calculate v(-2).
-201
Let x(a) = -a**3 - 115*a**2 + 596*a - 510. What is x(-120)?
-30
Let f(x) = -18*x**2 - 188*x + 43. Give f(-11).
-67
Let k(g) = -331*g - 56. What is k(0)?
-56
Let v(p) = -1786*p + 3555. What is v(2)?
-17
Let l(u) = 2499*u - 47482. Calculate l(19).
-1
Let r(y) = -y**3 + 10*y**2 + 18*y - 92. Determine r(9).
151
Let n(y) = 3068*y + 12291. Determine n(-4).
19
Let l(h) = -3*h**3 - 6*h**2 - 24*h - 150. Calculate l(-6).
426
Let l(o) = 2*o**3 + 113*o**2 + 41*o + 176. Give l(-56).
1016
Let o(i) = -3*i**2 - 82*i - 535. Give o(-17).
-8
Let f(a) = -2*a**2 + 84*a - 298. What is f(38)?
6
Let j(h) = -3*h - 12. Give j(3).
-21
Let f(c) = -177*c + 101. Determine f(1).
-76
Let w(s) = -32*s**2 - 31*s + 30. What is w(1)?
-33
Let c(t) = -90*t - 2174. Calculate c(-24).
-14
Let m(a) = -a**2 - 349*a - 11276. Calculate m(-313).
-8
Let y(m) = -34*m - 870. What is y(-26)?
14
Let f(v) = -17*v + 522. Calculate f(34).
-56
Let w(k) = 1467*k + 1482. Determine w(-1).
15
Let h(n) = n**3 - 167*n**2 + 6813*n + 217. Determine h(71).
4
Let r(z) = -130*z - 1324. What is r(-10)?
-24
Let q(y) = -y**3 + 112*y**2 + 723*y + 50. Give q(-6).
-40
Let c(i) = -2*i**2 - 326*i - 7986. Calculate c(-133).
-6
Let n(k) = -5*k - 309. Determine n(-38).
-119
Let r(v) = -5*v**3 - 51*v**2 - 146*v - 9. Determine r(-3).
105
Let l(c) = 4*c**2 + 26*c - 54. Calculate l(-8).
-6
Let m(q) = q**2 + 234*q - 10678. Give m(39).
-31
Let i(t) = 94*t - 6575. Give i(70).
5
Let b(r) = -494*r - 5917. Give b(-12).
11
Let j(t) = -2*t**2 + 61*t + 107. Give j(32).
11
Let p(g) = g**2 - 58*g + 169. Calculate p(3).
4
Let t(g) = g**2 + 8*g + 69. What is t(-9)?
78
Let u(x) = 21*x + 154. Calculate u(-2).
112
Let r(b) = 64*b - 2300. Give r(36).
4
Let y(h) = -28*h - 204. Determine y(11).
-512
Let d(p) = -75*p - 997. Determine d(-12).
-97
Let a(g) = -g**3 - 5*g**2 + 4*g - 138. What is a(-8)?
22
Let h(f) = -94*f + 8377. Give h(88).
105
Let a(y) = -7*y**3 - y**2 - y + 20. Give a(3).
-181
Let v(k) = 58*k - 424. Determine v(7).
-18
Let s(u) = 75*u - 18752. What is s(250)?
-2
Let x(u) = -u**3 + 33*u**2 - 61*u - 68. Calculate x(31).
-37
Let b(g) = 3*g**2 + 41*g + 148. Calculate b(-5).
18
Let r(x) = -7*x**2 + 12*x + 103. What is r(-4)?
-57
Let p(q) = 2*q**2 + 719*q + 3537. Determine p(-5).
-8
Let x(q) = -278*q - 5070. Give x(-18).
-66
Let g(x) = -x**3 + 4*x**2 - 127*x + 657. Determine g(5).
-3
Let r(n) = -2*n**2 - 10*n + 121. Determine r(-13).
-87
Let l(x) = -4*x**2 - 50*x - 152. Give l(-7).
2
Let u(w) = w**3 - 9*w**2 + 6*w + 10. What is u(4)?
-46
Let r(k) = 2*k**2 - 5*k - 54. Give r(14).
268
Let f(j) = 389*j**2 - 16337*j - 40. Give f(42).
2
Let n(k) = -7*k**2 + 115*k + 116. Determine n(-1).
-6
Let a(b) = 12*b**3 - 1211*b**2 - 100*b - 95. Give a(101).
6
Let f(a) = -500*a - 23980. Determine f(-48).
20
Let y(j) = 269*j - 162. What is y(0)?
-162
Let t(z) = -5*z**2 + 42*z - 16. What is t(4)?
72
Let n(d) = -d**3 - 16*d**2 - 4*d - 20. Determine n(-16).
44
Let d(i) = -i**3 + 79*i**2 + 337*i + 13. Calculate d(-4).
-7
Let u(v) = -3*v**2 + 274*v - 4714. Determine u(23).
1
Let j(c) = 162*c + 1433. What is j(-9)?
-25
Let o(z) = -3*z**3 - 20*z**2 - 42*z - 34. Determine o(-4).
6
Let f(r) = 5*r**2 - 2*r + 15. Determine f(-5).
150
Let k(q) = -q**3 + 108*q**2 - 711*q + 405. Calculate k(101).
1
Let w(y) = -9*y**2 + 120*y - 38. What is w(13)?
1
Let r(q) = -7*q**2 + 15*q + 89. What is r(-4)?
-83
Let d(w) = 193*w + 965. What is d(-5)?
0
Let j(y) = 18*y**2 + 529*y + 1417. What is j(-3)?
-8
Let t(l) = 48*l + 21. What is t(-2)?
-75
Let r(t) = -t**3 + 36*t**2 - 73*t - 82. What is r(34)?
-252
Let n(g) = -g**3 - 7*g**2 - g - 1. Calculate n(-4).
-45
Let k(f) = f**2 + 10262*f + 51313. Calculate k(-5).
28
Let m(y) = -65*y - 265. What is m(-6)?
125
Let d(s) = -30*s**2 + 421*s - 2. Give d(14).
12
Let k(f) = -6*f**3 + f + 5. What is k(2)?
-41
Let q(n) = 3*n**2 + 367*n - 3004. Determine q(8).
124
Let v(u) = 7*u**2 - 97*u - 13. Calculate v(14).
1
Let g(u) = -6114*u + 18337. Calculate g(3).
-5
Let n(f) = -f**3 - 51*f**2 - 8*f - 28. Calculate n(-51).
380
Let b(f) = -123*f - 737. Calculate b(-6).
1
Let x(k) = -2*k**2 - 2*k + 4136. Give x(45).
-4
Let l(q) = 12*q**2 + 190*q. Calculate l(-16).
32
Let l(u) = u**3 + 4*u**2 - 85*u + 17. Determine l(8).
105
Let n(m) = 13*m + 436. Determine n(21).
709
Let j(l) = l**3 + 67*l**2 - 149*l - 794. What is j(-69)?
-35
Let n(x) = 38*x - 82. What is n(0)?
-82
Let c(w) = w**2 + 1409*w + 30537. Calculate c(-22).
23
Let r(w) = 2*w**2 + 179*w - 2671. Determine r(13).
-6
Let a(j) = 9*j**2 + 2*j - 3. Give a(-2).
29
Let y(g) = -2*g**3 + 41*g**2 - 13*g - 93. What is y(19)?
743
Let j(o) = -o**3 + 26*o**2 + 65*o - 140. Calculate j(28).
112
Let v(o) = -o**3 - 5*o**2 + 57*o + 184. What is v(-3)?
-5
Let r(q) = 13*q**2 - 369*q + 140. Determine r(28).
0
Let t(n) = -3*n**2 + n + 313. Give t(-11).
-61
Let j(o) = o**2 + 53*o - 110. Give j(-44).
-506
Let m(o) = -498*o + 5967. Calculate m(12).
-9
Let z(x) = 138*x + 493. Calculate z(-4).
-59
Let d(g) = -38*g - 1379. Calculate d(-38).
65
Let v(x) = -5*x - 15. Calculate v(10).
-65
Let c(w) = -2739*w - 5474. Determine c(-2).
4
Let w(i) = -4*i**3 + 27*i**2 - 9*i + 18. Give w(6).
72
Let c(v) = 1295*v - 6484. What is c(5)?
-9
Let h(c) = 3*c**3 - 235*c**2 - 159*c + 71. What is h(79)?
-8
Let q(t) = 2*t**2 + 112*t - 76. Determine q(-58).
156
Let k(g) = -12*g**2 - 14*g + 4. What is k(-3)?
-62
Let r(l) = 2*l**2 - 25*l - 547. Calculate r(24).
5
Let j(t) = -t**3 + 26*t**2 + 166*t + 28. Give j(31).
369
Let j(x) = -507*x - 14183. What is j(-28)?
13
Let b(x) = -8*x**3 + 3*x**2 + 4*x + 7. Calculate b(3).
-170
Let a(f) = 3*f**2 + 18*f - 148. Calculate a(6).
68
Let w(t) = -673*t + 28262. Determine w(42).
-4
Let k(l) = 6*l**3 - 11*l + 18. What is k(2)?
44
Let j(t) = -11*t**2 + 118*t + 44. Determine j(12).
-124
Let g(x) = -x**2 + 9*x - 2. Calculate g(-3).
-38
Let o(t) = -34*t - 133. Give o(-9).
173
Let q(r) = r**3 + 18*r**2 + 12*r + 227. Give q(-18).
11
Let w(n) = 5*n**2 + 52*n + 17. Give w(-10).
-3
Let r(j) = j**3 - 11*j**2 - 92*j - 58. Determine r(17).
112
Let f(g) = 9*g + 180. Give f(14).
306
Let m(z) = 2*z**3 - 217*z**2 - 107*z - 222. Calculate m(109).
-4
Let s(x) = -687*x - 114034. Calculate s(-166).
8
Let b(y) = 82*y**2 - 16*y + 1. Determine b(1).
67
Let b(h) = -5*h**3 + 4*h**2 - 81*h - 83. What is b(-1)?
7
Let r(j) = -6*j**3 - 26*j**2 + j